{"id":225,"date":"2026-03-14T04:02:14","date_gmt":"2026-03-14T04:02:14","guid":{"rendered":"https:\/\/quananvat.click\/?post_type=product&#038;p=225"},"modified":"2026-03-17T03:52:16","modified_gmt":"2026-03-17T03:52:16","slug":"xuc-xich","status":"publish","type":"product","link":"https:\/\/quananvat.click\/index.php\/product\/xuc-xich\/","title":{"rendered":"X\u00fac X\u00edch"},"content":{"rendered":"<p>Th\u01b0\u1edfng th\u1ee9c <strong data-start=\"215\" data-end=\"247\">x\u00fac x\u00edch th\u01a1m ngon, gi\u00f2n tan<\/strong>, m\u00f3n \u0103n v\u1eb7t m\u00e0 ai c\u0169ng y\u00eau th\u00edch! T\u1ea1i qu\u00e1n, ch\u00fang t\u00f4i ch\u1ecdn nh\u1eefng nguy\u00ean li\u1ec7u <strong data-start=\"325\" data-end=\"354\">t\u01b0\u01a1i s\u1ea1ch, ch\u1ea5t l\u01b0\u1ee3ng cao<\/strong>, k\u1ebft h\u1ee3p c\u00f4ng th\u1ee9c ch\u1ebf bi\u1ebfn \u0111\u1eb7c bi\u1ec7t \u0111\u1ec3 mang \u0111\u1ebfn <strong data-start=\"404\" data-end=\"432\">h\u01b0\u01a1ng v\u1ecb \u0111\u1eadm \u0111\u00e0, h\u1ea5p d\u1eabn<\/strong>.<\/p>\n","protected":false},"excerpt":{"rendered":"<p>Th\u01b0\u1edfng th\u1ee9c x\u00fac x\u00edch th\u01a1m ngon, gi\u00f2n tan, m\u00f3n \u0103n v\u1eb7t m\u00e0 ai c\u0169ng y\u00eau th\u00edch! T\u1ea1i qu\u00e1n, ch\u00fang t\u00f4i ch\u1ecdn nh\u1eefng nguy\u00ean li\u1ec7u t\u01b0\u01a1i s\u1ea1ch, ch\u1ea5t l\u01b0\u1ee3ng cao, k\u1ebft h\u1ee3p c\u00f4ng th\u1ee9c ch\u1ebf bi\u1ebfn \u0111\u1eb7c bi\u1ec7t \u0111\u1ec3 mang \u0111\u1ebfn h\u01b0\u01a1ng v\u1ecb \u0111\u1eadm \u0111\u00e0, h\u1ea5p d\u1eabn.<\/p>\n","protected":false},"featured_media":226,"comment_status":"open","ping_status":"closed","template":"","meta":[],"product_brand":[],"product_cat":[34],"product_tag":[],"class_list":{"0":"post-225","1":"product","2":"type-product","3":"status-publish","4":"has-post-thumbnail","6":"product_cat-do-an-vat","8":"first","9":"instock","10":"sale","11":"featured","12":"shipping-taxable","13":"purchasable","14":"product-type-simple"},"yoast_head":"<!-- This site is optimized with the Yoast SEO plugin v27.2 - https:\/\/yoast.com\/product\/yoast-seo-wordpress\/ -->\n<title>X\u00fac X\u00edch - \u0110\u1ed3 \u0102n V\u1eb7t<\/title>\n<meta name=\"robots\" content=\"index, follow, max-snippet:-1, max-image-preview:large, max-video-preview:-1\" \/>\n<link rel=\"canonical\" href=\"https:\/\/quananvat.click\/index.php\/product\/xuc-xich\/\" \/>\n<meta property=\"og:locale\" content=\"vi_VN\" \/>\n<meta property=\"og:type\" content=\"article\" \/>\n<meta property=\"og:title\" content=\"X\u00fac X\u00edch - \u0110\u1ed3 \u0102n V\u1eb7t\" \/>\n<meta property=\"og:description\" content=\"Th\u01b0\u1edfng th\u1ee9c x\u00fac x\u00edch th\u01a1m ngon, gi\u00f2n tan, m\u00f3n \u0103n v\u1eb7t m\u00e0 ai c\u0169ng y\u00eau th\u00edch! T\u1ea1i qu\u00e1n, ch\u00fang t\u00f4i ch\u1ecdn nh\u1eefng nguy\u00ean li\u1ec7u t\u01b0\u01a1i s\u1ea1ch, ch\u1ea5t l\u01b0\u1ee3ng cao, k\u1ebft h\u1ee3p c\u00f4ng th\u1ee9c ch\u1ebf bi\u1ebfn \u0111\u1eb7c bi\u1ec7t \u0111\u1ec3 mang \u0111\u1ebfn h\u01b0\u01a1ng v\u1ecb \u0111\u1eadm \u0111\u00e0, h\u1ea5p d\u1eabn.\" \/>\n<meta property=\"og:url\" content=\"https:\/\/quananvat.click\/index.php\/product\/xuc-xich\/\" \/>\n<meta property=\"og:site_name\" content=\"\u0110\u1ed3 \u0102n V\u1eb7t\" \/>\n<meta property=\"article:modified_time\" content=\"2026-03-17T03:52:16+00:00\" \/>\n<meta property=\"og:image\" content=\"https:\/\/quananvat.click\/wp-content\/uploads\/2026\/03\/an-xuc-xich-co-beo-khong.thumb_.800.480.jpg\" \/>\n\t<meta property=\"og:image:width\" content=\"1280\" \/>\n\t<meta property=\"og:image:height\" content=\"854\" \/>\n\t<meta property=\"og:image:type\" content=\"image\/jpeg\" \/>\n<meta name=\"twitter:card\" content=\"summary_large_image\" \/>\n<script type=\"application\/ld+json\" class=\"yoast-schema-graph\">{\"@context\":\"https:\/\/schema.org\",\"@graph\":[{\"@type\":\"WebPage\",\"@id\":\"https:\/\/quananvat.click\/index.php\/product\/xuc-xich\/\",\"url\":\"https:\/\/quananvat.click\/index.php\/product\/xuc-xich\/\",\"name\":\"X\u00fac X\u00edch - \u0110\u1ed3 \u0102n V\u1eb7t\",\"isPartOf\":{\"@id\":\"https:\/\/quananvat.click\/#website\"},\"primaryImageOfPage\":{\"@id\":\"https:\/\/quananvat.click\/index.php\/product\/xuc-xich\/#primaryimage\"},\"image\":{\"@id\":\"https:\/\/quananvat.click\/index.php\/product\/xuc-xich\/#primaryimage\"},\"thumbnailUrl\":\"https:\/\/quananvat.click\/wp-content\/uploads\/2026\/03\/an-xuc-xich-co-beo-khong.thumb_.800.480.jpg\",\"datePublished\":\"2026-03-14T04:02:14+00:00\",\"dateModified\":\"2026-03-17T03:52:16+00:00\",\"breadcrumb\":{\"@id\":\"https:\/\/quananvat.click\/index.php\/product\/xuc-xich\/#breadcrumb\"},\"inLanguage\":\"vi\",\"potentialAction\":[{\"@type\":\"ReadAction\",\"target\":[\"https:\/\/quananvat.click\/index.php\/product\/xuc-xich\/\"]}]},{\"@type\":\"ImageObject\",\"inLanguage\":\"vi\",\"@id\":\"https:\/\/quananvat.click\/index.php\/product\/xuc-xich\/#primaryimage\",\"url\":\"https:\/\/quananvat.click\/wp-content\/uploads\/2026\/03\/an-xuc-xich-co-beo-khong.thumb_.800.480.jpg\",\"contentUrl\":\"https:\/\/quananvat.click\/wp-content\/uploads\/2026\/03\/an-xuc-xich-co-beo-khong.thumb_.800.480.jpg\",\"width\":1280,\"height\":854},{\"@type\":\"BreadcrumbList\",\"@id\":\"https:\/\/quananvat.click\/index.php\/product\/xuc-xich\/#breadcrumb\",\"itemListElement\":[{\"@type\":\"ListItem\",\"position\":1,\"name\":\"Trang ch\u1ee7\",\"item\":\"https:\/\/quananvat.click\/\"},{\"@type\":\"ListItem\",\"position\":2,\"name\":\"Shop\",\"item\":\"https:\/\/quananvat.click\/index.php\/shop\/\"},{\"@type\":\"ListItem\",\"position\":3,\"name\":\"X\u00fac X\u00edch\"}]},{\"@type\":\"WebSite\",\"@id\":\"https:\/\/quananvat.click\/#website\",\"url\":\"https:\/\/quananvat.click\/\",\"name\":\"\u0110\u1ed3 \u0102n V\u1eb7t\",\"description\":\"\",\"publisher\":{\"@id\":\"https:\/\/quananvat.click\/#organization\"},\"potentialAction\":[{\"@type\":\"SearchAction\",\"target\":{\"@type\":\"EntryPoint\",\"urlTemplate\":\"https:\/\/quananvat.click\/?s={search_term_string}\"},\"query-input\":{\"@type\":\"PropertyValueSpecification\",\"valueRequired\":true,\"valueName\":\"search_term_string\"}}],\"inLanguage\":\"vi\"},{\"@type\":\"Organization\",\"@id\":\"https:\/\/quananvat.click\/#organization\",\"name\":\"\u0110\u1ed3 \u0102n V\u1eb7t\",\"url\":\"https:\/\/quananvat.click\/\",\"logo\":{\"@type\":\"ImageObject\",\"inLanguage\":\"vi\",\"@id\":\"https:\/\/quananvat.click\/#\/schema\/logo\/image\/\",\"url\":\"https:\/\/quananvat.click\/wp-content\/uploads\/2026\/03\/unnamed-removebg-preview-3.png\",\"contentUrl\":\"https:\/\/quananvat.click\/wp-content\/uploads\/2026\/03\/unnamed-removebg-preview-3.png\",\"width\":500,\"height\":500,\"caption\":\"\u0110\u1ed3 \u0102n V\u1eb7t\"},\"image\":{\"@id\":\"https:\/\/quananvat.click\/#\/schema\/logo\/image\/\"}}]}<\/script>\n<!-- \/ Yoast SEO plugin. -->","yoast_head_json":{"title":"X\u00fac X\u00edch - \u0110\u1ed3 \u0102n V\u1eb7t","robots":{"index":"index","follow":"follow","max-snippet":"max-snippet:-1","max-image-preview":"max-image-preview:large","max-video-preview":"max-video-preview:-1"},"canonical":"https:\/\/quananvat.click\/index.php\/product\/xuc-xich\/","og_locale":"vi_VN","og_type":"article","og_title":"X\u00fac X\u00edch - \u0110\u1ed3 \u0102n V\u1eb7t","og_description":"Th\u01b0\u1edfng th\u1ee9c x\u00fac x\u00edch th\u01a1m ngon, gi\u00f2n tan, m\u00f3n \u0103n v\u1eb7t m\u00e0 ai c\u0169ng y\u00eau th\u00edch! T\u1ea1i qu\u00e1n, ch\u00fang t\u00f4i ch\u1ecdn nh\u1eefng nguy\u00ean li\u1ec7u t\u01b0\u01a1i s\u1ea1ch, ch\u1ea5t l\u01b0\u1ee3ng cao, k\u1ebft h\u1ee3p c\u00f4ng th\u1ee9c ch\u1ebf bi\u1ebfn \u0111\u1eb7c bi\u1ec7t \u0111\u1ec3 mang \u0111\u1ebfn h\u01b0\u01a1ng v\u1ecb \u0111\u1eadm \u0111\u00e0, h\u1ea5p d\u1eabn.","og_url":"https:\/\/quananvat.click\/index.php\/product\/xuc-xich\/","og_site_name":"\u0110\u1ed3 \u0102n V\u1eb7t","article_modified_time":"2026-03-17T03:52:16+00:00","og_image":[{"width":1280,"height":854,"url":"https:\/\/quananvat.click\/wp-content\/uploads\/2026\/03\/an-xuc-xich-co-beo-khong.thumb_.800.480.jpg","type":"image\/jpeg"}],"twitter_card":"summary_large_image","schema":{"@context":"https:\/\/schema.org","@graph":[{"@type":"WebPage","@id":"https:\/\/quananvat.click\/index.php\/product\/xuc-xich\/","url":"https:\/\/quananvat.click\/index.php\/product\/xuc-xich\/","name":"X\u00fac X\u00edch - \u0110\u1ed3 \u0102n V\u1eb7t","isPartOf":{"@id":"https:\/\/quananvat.click\/#website"},"primaryImageOfPage":{"@id":"https:\/\/quananvat.click\/index.php\/product\/xuc-xich\/#primaryimage"},"image":{"@id":"https:\/\/quananvat.click\/index.php\/product\/xuc-xich\/#primaryimage"},"thumbnailUrl":"https:\/\/quananvat.click\/wp-content\/uploads\/2026\/03\/an-xuc-xich-co-beo-khong.thumb_.800.480.jpg","datePublished":"2026-03-14T04:02:14+00:00","dateModified":"2026-03-17T03:52:16+00:00","breadcrumb":{"@id":"https:\/\/quananvat.click\/index.php\/product\/xuc-xich\/#breadcrumb"},"inLanguage":"vi","potentialAction":[{"@type":"ReadAction","target":["https:\/\/quananvat.click\/index.php\/product\/xuc-xich\/"]}]},{"@type":"ImageObject","inLanguage":"vi","@id":"https:\/\/quananvat.click\/index.php\/product\/xuc-xich\/#primaryimage","url":"https:\/\/quananvat.click\/wp-content\/uploads\/2026\/03\/an-xuc-xich-co-beo-khong.thumb_.800.480.jpg","contentUrl":"https:\/\/quananvat.click\/wp-content\/uploads\/2026\/03\/an-xuc-xich-co-beo-khong.thumb_.800.480.jpg","width":1280,"height":854},{"@type":"BreadcrumbList","@id":"https:\/\/quananvat.click\/index.php\/product\/xuc-xich\/#breadcrumb","itemListElement":[{"@type":"ListItem","position":1,"name":"Trang ch\u1ee7","item":"https:\/\/quananvat.click\/"},{"@type":"ListItem","position":2,"name":"Shop","item":"https:\/\/quananvat.click\/index.php\/shop\/"},{"@type":"ListItem","position":3,"name":"X\u00fac X\u00edch"}]},{"@type":"WebSite","@id":"https:\/\/quananvat.click\/#website","url":"https:\/\/quananvat.click\/","name":"\u0110\u1ed3 \u0102n V\u1eb7t","description":"","publisher":{"@id":"https:\/\/quananvat.click\/#organization"},"potentialAction":[{"@type":"SearchAction","target":{"@type":"EntryPoint","urlTemplate":"https:\/\/quananvat.click\/?s={search_term_string}"},"query-input":{"@type":"PropertyValueSpecification","valueRequired":true,"valueName":"search_term_string"}}],"inLanguage":"vi"},{"@type":"Organization","@id":"https:\/\/quananvat.click\/#organization","name":"\u0110\u1ed3 \u0102n V\u1eb7t","url":"https:\/\/quananvat.click\/","logo":{"@type":"ImageObject","inLanguage":"vi","@id":"https:\/\/quananvat.click\/#\/schema\/logo\/image\/","url":"https:\/\/quananvat.click\/wp-content\/uploads\/2026\/03\/unnamed-removebg-preview-3.png","contentUrl":"https:\/\/quananvat.click\/wp-content\/uploads\/2026\/03\/unnamed-removebg-preview-3.png","width":500,"height":500,"caption":"\u0110\u1ed3 \u0102n V\u1eb7t"},"image":{"@id":"https:\/\/quananvat.click\/#\/schema\/logo\/image\/"}}]}},"jetpack_sharing_enabled":true,"_links":{"self":[{"href":"https:\/\/quananvat.click\/index.php\/wp-json\/wp\/v2\/product\/225","targetHints":{"allow":["GET"]}}],"collection":[{"href":"https:\/\/quananvat.click\/index.php\/wp-json\/wp\/v2\/product"}],"about":[{"href":"https:\/\/quananvat.click\/index.php\/wp-json\/wp\/v2\/types\/product"}],"replies":[{"embeddable":true,"href":"https:\/\/quananvat.click\/index.php\/wp-json\/wp\/v2\/comments?post=225"}],"wp:featuredmedia":[{"embeddable":true,"href":"https:\/\/quananvat.click\/index.php\/wp-json\/wp\/v2\/media\/226"}],"wp:attachment":[{"href":"https:\/\/quananvat.click\/index.php\/wp-json\/wp\/v2\/media?parent=225"}],"wp:term":[{"taxonomy":"product_brand","embeddable":true,"href":"https:\/\/quananvat.click\/index.php\/wp-json\/wp\/v2\/product_brand?post=225"},{"taxonomy":"product_cat","embeddable":true,"href":"https:\/\/quananvat.click\/index.php\/wp-json\/wp\/v2\/product_cat?post=225"},{"taxonomy":"product_tag","embeddable":true,"href":"https:\/\/quananvat.click\/index.php\/wp-json\/wp\/v2\/product_tag?post=225"}],"curies":[{"name":"wp","href":"https:\/\/api.w.org\/{rel}","templated":true}]}}