{"id":44,"date":"2026-03-06T13:05:22","date_gmt":"2026-03-06T13:05:22","guid":{"rendered":"https:\/\/quananvat.click\/index.php\/product\/frapuccino\/"},"modified":"2026-03-17T03:52:38","modified_gmt":"2026-03-17T03:52:38","slug":"frapuccino","status":"publish","type":"product","link":"https:\/\/quananvat.click\/index.php\/product\/frapuccino\/","title":{"rendered":"C\u00e1 Vi\u00ean Chi\u00ean"},"content":{"rendered":"<p>Kh\u00f4ng c\u1ea7n c\u1ea7u k\u1ef3, ch\u00ednh s\u1ef1 \u0111\u01a1n gi\u1ea3n v\u00e0 h\u01b0\u01a1ng v\u1ecb quen thu\u1ed9c \u0111\u00e3 l\u00e0m n\u00ean s\u1ee9c h\u00fat c\u1ee7a c\u00e1 vi\u00ean chi\u00ean. Nh\u1eefng vi\u00ean c\u00e1 nh\u1ecf xinh, \u0111\u01b0\u1ee3c chi\u00ean ph\u1ed3ng n\u00f3ng h\u1ed5i, l\u00e0 l\u1ef1a ch\u1ecdn s\u1ed1 1 cho c\u00e1c bu\u1ed5i t\u1ee5 t\u1eadp b\u1ea1n b\u00e8.<\/p>\n","protected":false},"excerpt":{"rendered":"<p>Kh\u00f4ng c\u1ea7n c\u1ea7u k\u1ef3, ch\u00ednh s\u1ef1 \u0111\u01a1n gi\u1ea3n v\u00e0 h\u01b0\u01a1ng v\u1ecb quen thu\u1ed9c \u0111\u00e3 l\u00e0m n\u00ean s\u1ee9c h\u00fat c\u1ee7a c\u00e1 vi\u00ean chi\u00ean. Nh\u1eefng vi\u00ean c\u00e1 nh\u1ecf xinh, \u0111\u01b0\u1ee3c chi\u00ean ph\u1ed3ng n\u00f3ng h\u1ed5i, l\u00e0 l\u1ef1a ch\u1ecdn s\u1ed1 1 cho c\u00e1c bu\u1ed5i t\u1ee5 t\u1eadp b\u1ea1n b\u00e8.<\/p>\n","protected":false},"featured_media":149,"comment_status":"open","ping_status":"closed","template":"","meta":[],"product_brand":[],"product_cat":[34],"product_tag":[],"class_list":{"0":"post-44","1":"product","2":"type-product","3":"status-publish","4":"has-post-thumbnail","6":"product_cat-do-an-vat","8":"first","9":"instock","10":"sale","11":"featured","12":"shipping-taxable","13":"purchasable","14":"product-type-simple"},"yoast_head":"<!-- This site is optimized with the Yoast SEO plugin v27.2 - https:\/\/yoast.com\/product\/yoast-seo-wordpress\/ -->\n<title>C\u00e1 Vi\u00ean Chi\u00ean - \u0110\u1ed3 \u0102n V\u1eb7t<\/title>\n<meta name=\"robots\" content=\"index, follow, max-snippet:-1, max-image-preview:large, max-video-preview:-1\" \/>\n<link rel=\"canonical\" href=\"https:\/\/quananvat.click\/index.php\/product\/frapuccino\/\" \/>\n<meta property=\"og:locale\" content=\"vi_VN\" \/>\n<meta property=\"og:type\" content=\"article\" \/>\n<meta property=\"og:title\" content=\"C\u00e1 Vi\u00ean Chi\u00ean - \u0110\u1ed3 \u0102n V\u1eb7t\" \/>\n<meta property=\"og:description\" content=\"Kh\u00f4ng c\u1ea7n c\u1ea7u k\u1ef3, ch\u00ednh s\u1ef1 \u0111\u01a1n gi\u1ea3n v\u00e0 h\u01b0\u01a1ng v\u1ecb quen thu\u1ed9c \u0111\u00e3 l\u00e0m n\u00ean s\u1ee9c h\u00fat c\u1ee7a c\u00e1 vi\u00ean chi\u00ean. Nh\u1eefng vi\u00ean c\u00e1 nh\u1ecf xinh, \u0111\u01b0\u1ee3c chi\u00ean ph\u1ed3ng n\u00f3ng h\u1ed5i, l\u00e0 l\u1ef1a ch\u1ecdn s\u1ed1 1 cho c\u00e1c bu\u1ed5i t\u1ee5 t\u1eadp b\u1ea1n b\u00e8.\" \/>\n<meta property=\"og:url\" content=\"https:\/\/quananvat.click\/index.php\/product\/frapuccino\/\" \/>\n<meta property=\"og:site_name\" content=\"\u0110\u1ed3 \u0102n V\u1eb7t\" \/>\n<meta property=\"article:modified_time\" content=\"2026-03-17T03:52:38+00:00\" \/>\n<meta property=\"og:image\" content=\"https:\/\/quananvat.click\/wp-content\/uploads\/2026\/03\/cach-lam-ca-vien-chien-12.jpg\" \/>\n\t<meta property=\"og:image:width\" content=\"800\" \/>\n\t<meta property=\"og:image:height\" content=\"448\" \/>\n\t<meta property=\"og:image:type\" content=\"image\/jpeg\" \/>\n<meta name=\"twitter:card\" content=\"summary_large_image\" \/>\n<script type=\"application\/ld+json\" class=\"yoast-schema-graph\">{\"@context\":\"https:\/\/schema.org\",\"@graph\":[{\"@type\":\"WebPage\",\"@id\":\"https:\/\/quananvat.click\/index.php\/product\/frapuccino\/\",\"url\":\"https:\/\/quananvat.click\/index.php\/product\/frapuccino\/\",\"name\":\"C\u00e1 Vi\u00ean Chi\u00ean - \u0110\u1ed3 \u0102n V\u1eb7t\",\"isPartOf\":{\"@id\":\"https:\/\/quananvat.click\/#website\"},\"primaryImageOfPage\":{\"@id\":\"https:\/\/quananvat.click\/index.php\/product\/frapuccino\/#primaryimage\"},\"image\":{\"@id\":\"https:\/\/quananvat.click\/index.php\/product\/frapuccino\/#primaryimage\"},\"thumbnailUrl\":\"https:\/\/quananvat.click\/wp-content\/uploads\/2026\/03\/cach-lam-ca-vien-chien-12.jpg\",\"datePublished\":\"2026-03-06T13:05:22+00:00\",\"dateModified\":\"2026-03-17T03:52:38+00:00\",\"breadcrumb\":{\"@id\":\"https:\/\/quananvat.click\/index.php\/product\/frapuccino\/#breadcrumb\"},\"inLanguage\":\"vi\",\"potentialAction\":[{\"@type\":\"ReadAction\",\"target\":[\"https:\/\/quananvat.click\/index.php\/product\/frapuccino\/\"]}]},{\"@type\":\"ImageObject\",\"inLanguage\":\"vi\",\"@id\":\"https:\/\/quananvat.click\/index.php\/product\/frapuccino\/#primaryimage\",\"url\":\"https:\/\/quananvat.click\/wp-content\/uploads\/2026\/03\/cach-lam-ca-vien-chien-12.jpg\",\"contentUrl\":\"https:\/\/quananvat.click\/wp-content\/uploads\/2026\/03\/cach-lam-ca-vien-chien-12.jpg\",\"width\":800,\"height\":448,\"caption\":\"C\u00e1ch l\u00e0m c\u00e1 vi\u00ean chi\u00ean\"},{\"@type\":\"BreadcrumbList\",\"@id\":\"https:\/\/quananvat.click\/index.php\/product\/frapuccino\/#breadcrumb\",\"itemListElement\":[{\"@type\":\"ListItem\",\"position\":1,\"name\":\"Trang ch\u1ee7\",\"item\":\"https:\/\/quananvat.click\/\"},{\"@type\":\"ListItem\",\"position\":2,\"name\":\"Shop\",\"item\":\"https:\/\/quananvat.click\/index.php\/shop\/\"},{\"@type\":\"ListItem\",\"position\":3,\"name\":\"C\u00e1 Vi\u00ean Chi\u00ean\"}]},{\"@type\":\"WebSite\",\"@id\":\"https:\/\/quananvat.click\/#website\",\"url\":\"https:\/\/quananvat.click\/\",\"name\":\"\u0110\u1ed3 \u0102n V\u1eb7t\",\"description\":\"\",\"publisher\":{\"@id\":\"https:\/\/quananvat.click\/#organization\"},\"potentialAction\":[{\"@type\":\"SearchAction\",\"target\":{\"@type\":\"EntryPoint\",\"urlTemplate\":\"https:\/\/quananvat.click\/?s={search_term_string}\"},\"query-input\":{\"@type\":\"PropertyValueSpecification\",\"valueRequired\":true,\"valueName\":\"search_term_string\"}}],\"inLanguage\":\"vi\"},{\"@type\":\"Organization\",\"@id\":\"https:\/\/quananvat.click\/#organization\",\"name\":\"\u0110\u1ed3 \u0102n V\u1eb7t\",\"url\":\"https:\/\/quananvat.click\/\",\"logo\":{\"@type\":\"ImageObject\",\"inLanguage\":\"vi\",\"@id\":\"https:\/\/quananvat.click\/#\/schema\/logo\/image\/\",\"url\":\"https:\/\/quananvat.click\/wp-content\/uploads\/2026\/03\/unnamed-removebg-preview-3.png\",\"contentUrl\":\"https:\/\/quananvat.click\/wp-content\/uploads\/2026\/03\/unnamed-removebg-preview-3.png\",\"width\":500,\"height\":500,\"caption\":\"\u0110\u1ed3 \u0102n V\u1eb7t\"},\"image\":{\"@id\":\"https:\/\/quananvat.click\/#\/schema\/logo\/image\/\"}}]}<\/script>\n<!-- \/ Yoast SEO plugin. -->","yoast_head_json":{"title":"C\u00e1 Vi\u00ean Chi\u00ean - \u0110\u1ed3 \u0102n V\u1eb7t","robots":{"index":"index","follow":"follow","max-snippet":"max-snippet:-1","max-image-preview":"max-image-preview:large","max-video-preview":"max-video-preview:-1"},"canonical":"https:\/\/quananvat.click\/index.php\/product\/frapuccino\/","og_locale":"vi_VN","og_type":"article","og_title":"C\u00e1 Vi\u00ean Chi\u00ean - \u0110\u1ed3 \u0102n V\u1eb7t","og_description":"Kh\u00f4ng c\u1ea7n c\u1ea7u k\u1ef3, ch\u00ednh s\u1ef1 \u0111\u01a1n gi\u1ea3n v\u00e0 h\u01b0\u01a1ng v\u1ecb quen thu\u1ed9c \u0111\u00e3 l\u00e0m n\u00ean s\u1ee9c h\u00fat c\u1ee7a c\u00e1 vi\u00ean chi\u00ean. Nh\u1eefng vi\u00ean c\u00e1 nh\u1ecf xinh, \u0111\u01b0\u1ee3c chi\u00ean ph\u1ed3ng n\u00f3ng h\u1ed5i, l\u00e0 l\u1ef1a ch\u1ecdn s\u1ed1 1 cho c\u00e1c bu\u1ed5i t\u1ee5 t\u1eadp b\u1ea1n b\u00e8.","og_url":"https:\/\/quananvat.click\/index.php\/product\/frapuccino\/","og_site_name":"\u0110\u1ed3 \u0102n V\u1eb7t","article_modified_time":"2026-03-17T03:52:38+00:00","og_image":[{"width":800,"height":448,"url":"https:\/\/quananvat.click\/wp-content\/uploads\/2026\/03\/cach-lam-ca-vien-chien-12.jpg","type":"image\/jpeg"}],"twitter_card":"summary_large_image","schema":{"@context":"https:\/\/schema.org","@graph":[{"@type":"WebPage","@id":"https:\/\/quananvat.click\/index.php\/product\/frapuccino\/","url":"https:\/\/quananvat.click\/index.php\/product\/frapuccino\/","name":"C\u00e1 Vi\u00ean Chi\u00ean - \u0110\u1ed3 \u0102n V\u1eb7t","isPartOf":{"@id":"https:\/\/quananvat.click\/#website"},"primaryImageOfPage":{"@id":"https:\/\/quananvat.click\/index.php\/product\/frapuccino\/#primaryimage"},"image":{"@id":"https:\/\/quananvat.click\/index.php\/product\/frapuccino\/#primaryimage"},"thumbnailUrl":"https:\/\/quananvat.click\/wp-content\/uploads\/2026\/03\/cach-lam-ca-vien-chien-12.jpg","datePublished":"2026-03-06T13:05:22+00:00","dateModified":"2026-03-17T03:52:38+00:00","breadcrumb":{"@id":"https:\/\/quananvat.click\/index.php\/product\/frapuccino\/#breadcrumb"},"inLanguage":"vi","potentialAction":[{"@type":"ReadAction","target":["https:\/\/quananvat.click\/index.php\/product\/frapuccino\/"]}]},{"@type":"ImageObject","inLanguage":"vi","@id":"https:\/\/quananvat.click\/index.php\/product\/frapuccino\/#primaryimage","url":"https:\/\/quananvat.click\/wp-content\/uploads\/2026\/03\/cach-lam-ca-vien-chien-12.jpg","contentUrl":"https:\/\/quananvat.click\/wp-content\/uploads\/2026\/03\/cach-lam-ca-vien-chien-12.jpg","width":800,"height":448,"caption":"C\u00e1ch l\u00e0m c\u00e1 vi\u00ean chi\u00ean"},{"@type":"BreadcrumbList","@id":"https:\/\/quananvat.click\/index.php\/product\/frapuccino\/#breadcrumb","itemListElement":[{"@type":"ListItem","position":1,"name":"Trang ch\u1ee7","item":"https:\/\/quananvat.click\/"},{"@type":"ListItem","position":2,"name":"Shop","item":"https:\/\/quananvat.click\/index.php\/shop\/"},{"@type":"ListItem","position":3,"name":"C\u00e1 Vi\u00ean Chi\u00ean"}]},{"@type":"WebSite","@id":"https:\/\/quananvat.click\/#website","url":"https:\/\/quananvat.click\/","name":"\u0110\u1ed3 \u0102n V\u1eb7t","description":"","publisher":{"@id":"https:\/\/quananvat.click\/#organization"},"potentialAction":[{"@type":"SearchAction","target":{"@type":"EntryPoint","urlTemplate":"https:\/\/quananvat.click\/?s={search_term_string}"},"query-input":{"@type":"PropertyValueSpecification","valueRequired":true,"valueName":"search_term_string"}}],"inLanguage":"vi"},{"@type":"Organization","@id":"https:\/\/quananvat.click\/#organization","name":"\u0110\u1ed3 \u0102n V\u1eb7t","url":"https:\/\/quananvat.click\/","logo":{"@type":"ImageObject","inLanguage":"vi","@id":"https:\/\/quananvat.click\/#\/schema\/logo\/image\/","url":"https:\/\/quananvat.click\/wp-content\/uploads\/2026\/03\/unnamed-removebg-preview-3.png","contentUrl":"https:\/\/quananvat.click\/wp-content\/uploads\/2026\/03\/unnamed-removebg-preview-3.png","width":500,"height":500,"caption":"\u0110\u1ed3 \u0102n V\u1eb7t"},"image":{"@id":"https:\/\/quananvat.click\/#\/schema\/logo\/image\/"}}]}},"jetpack_sharing_enabled":true,"_links":{"self":[{"href":"https:\/\/quananvat.click\/index.php\/wp-json\/wp\/v2\/product\/44","targetHints":{"allow":["GET"]}}],"collection":[{"href":"https:\/\/quananvat.click\/index.php\/wp-json\/wp\/v2\/product"}],"about":[{"href":"https:\/\/quananvat.click\/index.php\/wp-json\/wp\/v2\/types\/product"}],"replies":[{"embeddable":true,"href":"https:\/\/quananvat.click\/index.php\/wp-json\/wp\/v2\/comments?post=44"}],"wp:featuredmedia":[{"embeddable":true,"href":"https:\/\/quananvat.click\/index.php\/wp-json\/wp\/v2\/media\/149"}],"wp:attachment":[{"href":"https:\/\/quananvat.click\/index.php\/wp-json\/wp\/v2\/media?parent=44"}],"wp:term":[{"taxonomy":"product_brand","embeddable":true,"href":"https:\/\/quananvat.click\/index.php\/wp-json\/wp\/v2\/product_brand?post=44"},{"taxonomy":"product_cat","embeddable":true,"href":"https:\/\/quananvat.click\/index.php\/wp-json\/wp\/v2\/product_cat?post=44"},{"taxonomy":"product_tag","embeddable":true,"href":"https:\/\/quananvat.click\/index.php\/wp-json\/wp\/v2\/product_tag?post=44"}],"curies":[{"name":"wp","href":"https:\/\/api.w.org\/{rel}","templated":true}]}}